{"id":23,"date":"2010-04-24T20:26:17","date_gmt":"2010-04-24T18:26:17","guid":{"rendered":"http:\/\/www.geschichte-hautnah.de\/?page_id=23"},"modified":"2018-10-06T08:43:43","modified_gmt":"2018-10-06T06:43:43","slug":"impressum-und-urheberrecht","status":"publish","type":"page","link":"https:\/\/geschichte-hautnah.de\/www\/?page_id=23","title":{"rendered":"Impressum und Urheberrecht"},"content":{"rendered":"<h1>Impressum<\/h1>\n<p><strong>Angaben gem\u00e4\u00df \u00a7 5 TMG:<\/strong><\/p>\n<p>Peter Steil<\/p>\n<p><strong>Postanschrift:<\/strong><br \/>\nSteinbacher Stra\u00dfe 8<br \/>\nD-35463<\/p>\n<p><strong>Kontakt:<\/strong><\/p>\n<p>Telefon: 0049151\u00a0 566 985 98<br \/>\nE-Mail: mail-at-geschichte-hautnah.de<\/p>\n<p><a title=\"E-Mail\" href=\"http:\/\/geschichte-hautnah.de\/?page_id=612\">E-Mail<\/a><\/p>\n<p>&nbsp;<\/p>\n<p>Alle Rechte , insbesondere die urheberrechtlichen Nutzungs- und Verwertungsrechte an den zur Verf\u00fcgung gestellten Beitr\u00e4gen, Artikeln, Fotos usw. stehen ausschlie\u00dflich dem Autor des jeweiligen Beitrages bzw. dem Betreiber von <em>Geschichte-hautnah.de<\/em> (GHN)\u00a0 zu. Jede Verwendung der Inhalte von GHN bedarf der <span style=\"text-decoration: underline;\"><strong>schriftlichen<\/strong><\/span> Genehmigung des Rechteinhabers.<\/p>\n","protected":false},"excerpt":{"rendered":"<p>Impressum Angaben gem\u00e4\u00df \u00a7 5 TMG: Peter Steil Postanschrift: Steinbacher Stra\u00dfe 8 D-35463 Kontakt: Telefon: 0049151\u00a0 566 985 98 E-Mail: mail-at-geschichte-hautnah.de E-Mail &nbsp; Alle Rechte , insbesondere die urheberrechtlichen Nutzungs- und Verwertungsrechte an den zur Verf\u00fcgung gestellten Beitr\u00e4gen, Artikeln, Fotos usw. stehen ausschlie\u00dflich dem Autor des jeweiligen Beitrages bzw. dem Betreiber von Geschichte-hautnah.de (GHN)\u00a0 zu. [&hellip;]<\/p>\n","protected":false},"author":2,"featured_media":0,"parent":0,"menu_order":2,"comment_status":"closed","ping_status":"closed","template":"","meta":{"footnotes":"","_wp_rev_ctl_limit":""},"class_list":["post-23","page","type-page","status-publish","hentry"],"_links":{"self":[{"href":"https:\/\/geschichte-hautnah.de\/www\/index.php?rest_route=\/wp\/v2\/pages\/23","targetHints":{"allow":["GET"]}}],"collection":[{"href":"https:\/\/geschichte-hautnah.de\/www\/index.php?rest_route=\/wp\/v2\/pages"}],"about":[{"href":"https:\/\/geschichte-hautnah.de\/www\/index.php?rest_route=\/wp\/v2\/types\/page"}],"author":[{"embeddable":true,"href":"https:\/\/geschichte-hautnah.de\/www\/index.php?rest_route=\/wp\/v2\/users\/2"}],"replies":[{"embeddable":true,"href":"https:\/\/geschichte-hautnah.de\/www\/index.php?rest_route=%2Fwp%2Fv2%2Fcomments&post=23"}],"version-history":[{"count":3,"href":"https:\/\/geschichte-hautnah.de\/www\/index.php?rest_route=\/wp\/v2\/pages\/23\/revisions"}],"predecessor-version":[{"id":4979,"href":"https:\/\/geschichte-hautnah.de\/www\/index.php?rest_route=\/wp\/v2\/pages\/23\/revisions\/4979"}],"wp:attachment":[{"href":"https:\/\/geschichte-hautnah.de\/www\/index.php?rest_route=%2Fwp%2Fv2%2Fmedia&parent=23"}],"curies":[{"name":"wp","href":"https:\/\/api.w.org\/{rel}","templated":true}]}}